8331 + 27158. Is u composite?
True
Let f(z) = -136*z**3 - 14*z - 17. Is f(-6) composite?
False
Is 2/9*38176281/286 composite?
False
Let c = 8 - 6. Let d(s) = 25*s**3 - 2*s + 7*s - 27 - 3*s**2 + 23. Is d(c) composite?
True
Suppose 5*t - 3650817 = -2*y, -5*y - 37429 = -t + 692729. Is t prime?
False
Let c = -273 - -276. Suppose -c*o - u + 3659 = 0, 0 = 20*o - 18*o - 3*u - 2432. Is o prime?
False
Let l(w) = -21*w - 715. Let i(a) = -5*a - 13. Let p be i(-3). Let g(s) = -4*s - 143. Let c(o) = p*l(o) - 11*g(o). Is c(0) composite?
True
Is 99960 + (91/42)/13*6 a prime number?
True
Let d(v) = v**2 - 48*v - 227. Is d(64) a prime number?
True
Suppose -12121938 = -17*h + 6884929. Is h a composite number?
True
Let r(m) = -2*m**3 - 2*m**2 + 16*m - 37. Let d be r(17). Let a = -6016 - d. Is a a composite number?
False
Let r(f) = 4*f**3 + 3*f + 3. Let c be r(-1). Is (6203 - (-4)/c) + -5 composite?
False
Let a(i) = 1955*i**2 - 51*i + 206. Is a(4) a prime number?
False
Let u = 182999 + -102472. Is u a prime number?
True
Suppose 1144 = 8*l - 136. Let g = l - -14005. Is g a composite number?
True
Let d be (8/(-6))/((-6)/153). Suppose -38*s = -d*s. Suppose 3*z - 6 = s, -2*a + z = 3*z - 1890. Is a a prime number?
False
Suppose 7*k = -2*z + 4*k - 13, 5 = -z - k. Is (4*13649/(-2))/(z/1) a composite number?
False
Let j = -6717 + 10454. Is j prime?
False
Is 11/((-99)/(-766083))*3 a prime number?
True
Suppose -9906 = -58*l + 52*l. Is l prime?
False
Let l(u) be the second derivative of 203*u**4/4 - u**3/3 + 7*u**2/2 - 40*u. Is l(-2) a prime number?
True
Let t = -2 + 5. Suppose 12 - 2 = 18*y - 8. Is (-7 - -682) + (y - 1*t) a prime number?
True
Let n(x) = -3*x + 407. Suppose -13*o = -10*o - 9. Suppose 0 = -y + z - 1, y + o*z = 2*z + 1. Is n(y) prime?
False
Let o(w) = w**2 + 7*w + 4. Let n be o(-7). Let p(z) = -59*z**3 - 7*z**2 + 3*z - 7. Let m be p(n). Let k = m + 7290. Is k composite?
False
Let z be (5 - (-1124)/(-16))/(5/(-80)). Let b = z + 2513. Is b prime?
True
Let w(d) = 17 + 8 + 4 - 39*d + 2 - d**2. Let j be w(-21). Let q = -224 + j. Is q a prime number?
False
Suppose -56 = f - 3*v - 98, 0 = -3*v - 3. Suppose 10 = 3*o + 5*w - 17, -3*w = -4*o + 7. Suppose k - f = -4*n + 24, o*n - 8 = 0. Is k prime?
False
Let c = 42 - 26. Let w(h) = 5*h**2 - 12*h - 3*h**2 - 1180 + 1167. Is w(c) composite?
False
Let g = -3552 + 6606. Let f = g - -2309. Is f a composite number?
True
Suppose -69*l + 71*l - 780 = 0. Suppose -l*b + 398*b = 234424. Is b a composite number?
False
Let c = -137 - -169. Suppose -8516 = -c*y + 28*y. Is y a prime number?
True
Suppose -3*f = 5*h - 991, -3*f - h = -4*h - 951. Suppose 2*j + 490 + 328 = -4*u, -2*j = -5*u - 1009. Let x = f + u. Is x a composite number?
True
Let q(o) = 5*o**3 - 43*o**2 - 71*o + 35. Is q(32) a composite number?
False
Let z be ((-40)/14 - -4)*(-28)/(-4). Suppose -z*x - 5106 + 46282 = 0. Is x prime?
True
Let w be (3 + (-20)/6)*(-16395 - 0). Let v = 9286 - w. Is v prime?
True
Suppose 0 = -4*x + 3*h - 6*h + 13, 0 = 2*x - 2*h - 10. Is (34/51)/(x/25206) a composite number?
False
Let n = 31189 + -15680. Is n a composite number?
True
Let n(j) = -j**3 - 10*j**2 + 8*j - 18. Let x be n(-11). Let o be -72 - (-2 + 0)*x/(-10). Is (-2)/(-4)*6*(-4 - o) prime?
False
Let h(w) = -40*w - 23. Let q(z) = -82*z - 46. Let f = -81 + 88. Let s(g) = f*h(g) - 4*q(g). Is s(8) a prime number?
False
Suppose 0 = -m + 5*k - 4064, -5*k = 2*m - 2524 + 10592. Let b = m + 2832. Let z = b + 2403. Is z a prime number?
False
Is 9 - (-436084 + 9 - 27) prime?
False
Let r = 2921 - 1395. Suppose 11*l - r = -3*l. Is l prime?
True
Let x(p) = p + 4. Let i be x(-4). Let o(y) = 7*y**2 + 6*y**2 + 963 + 664 - 12*y**2 + y - 266. Is o(i) a composite number?
False
Let b(j) = 238*j**2 + 40*j - 39. Let y be 9/((-72)/8)*14. Is b(y) composite?
False
Let q(m) be the third derivative of m**6/120 - 11*m**5/15 - 187*m**4/24 + 19*m**3/2 - 14*m**2 - 3*m. Is q(51) a prime number?
False
Suppose -2*b + 239 = -85. Suppose -s + b = -399. Let u = -203 + s. Is u prime?
False
Suppose 0 = -g - 139 + 430. Suppose i - 726 = g. Suppose -5084 + i = -7*y. Is y composite?
True
Suppose -u - 5*u = 42. Let c be (u*12/(-42))/((-2)/(-4013)). Suppose -5*t = 1323 - c. Is t a composite number?
True
Suppose 16 = 3*q + 7. Suppose -2988 = 4*p + 4*d, 1179 = -5*p - q*d - 2566. Let b = -330 - p. Is b prime?
False
Let t(a) = -14*a + 58. Let g be t(4). Suppose g*s = 9*s - 177569. Is s a composite number?
False
Let o(i) = 2*i + 5. Let v be o(0). Suppose 4*g + 4 = 5*z - 26, -v*g - 31 = -3*z. Suppose 4*u + 798 = 2*c, z*u - 5 = u. Is c a prime number?
True
Let z(o) = 543*o**2 + 26*o - 57. Let l be z(11). Suppose -6*w = -l + 976. Is w a composite number?
True
Suppose 3*s = -5*l - 38, 3*l + 36 = -2*s - 2*s. Let b be 8*(-7)/(-84) - 44/s. Suppose 1803 = x + 5*g, -3*g = -5*g - b. Is x a composite number?
False
Let m = 9431 - 16699. Let p = -1887 - m. Is p a prime number?
True
Let y = 51955 - 13412. Is y a prime number?
True
Let v(u) = 10*u + 134 - 43*u - 81. Is v(-6) prime?
True
Let n = -63 + 67. Suppose i - 11637 = -5*j, -i = -j + n*i + 2343. Suppose -j = -10*f + 1462. Is f a composite number?
False
Let z = 1055 - 1589. Is 26/4*(4 - z) a prime number?
False
Let i(l) = -98152*l. Let k be i(-1). Suppose 4*y + 17*m - 44 = 21*m, 0 = -3*m - 15. Suppose 0 = -2*u - y*u + k. Is u a prime number?
True
Is 1/4 + (-60048186)/(-120) - 200/250 a prime number?
False
Let r = -7682 - -17648. Suppose -5*q + 49950 = g, -3*g - r = -q - 8*g. Is q a composite number?
True
Let d be 4 + -3 + -3 + -3238. Let j = d + 5399. Is j prime?
False
Suppose -8*q = -2043 - 4853. Let x be 1/5*(-35)/(-14)*q. Suppose x = 2*b + 173. Is b composite?
True
Let n(y) = -y + 8. Let o be n(3). Suppose 2*p - 333 = 5*m, -3*p + 483 = -7*m + o*m. Let x = -92 + p. Is x prime?
True
Suppose 217696 = 5*j - 3*j - 5*f, 4*f + 217698 = 2*j. Is j a composite number?
True
Let b = -7945 - -3494. Let g = -2260 - b. Is g a composite number?
True
Let t = -32837 + 39304. Is t prime?
False
Let z = 157 - 152. Suppose -42525 = -5*t - z*g, -11*t + 8485 = -10*t - 4*g. Is t composite?
False
Suppose -x = 2*h + 24291, h - 11*x + 12138 = -13*x. Is (h/(2 - -2))/(-1) + 0 a prime number?
True
Let f(k) = 9*k - 93. Let c be f(11). Suppose 3*q - 6533 = -c*s + 8*s, 0 = 2*s - 4. Is q a prime number?
True
Let x(g) = -143*g**3 - 2*g**2 - 5*g + 2. Let l be x(-2). Suppose 0 = -n - 2*v + 2051, -5008 = -3*n - 3*v + l. Is n composite?
False
Is 2832/(-354) - (-2642 - (-3)/3) a composite number?
False
Suppose 69126 + 54389 = 5*n. Let p = n - 7916. Is p prime?
True
Let c be -3*2/(-12)*0. Suppose 9*l - 12*l + 5367 = c. Suppose 0 = k + g - 896, 5*k + g - l = 3*k. Is k a prime number?
False
Suppose -124 = -4*p + 96. Suppose 0 = b - 144 - p. Is b a prime number?
True
Let t(q) = 5565*q**2 + 32*q + 48. Is t(5) composite?
False
Suppose 0 = -38*v + 270295 + 602071. Let l = v + -12468. Is l prime?
False
Suppose -6*t + 7*t - 8 = -2*f, -4*f = 5*t - 16. Suppose t = 2*j - 2, -2*j + 9185 = 2*g - 3*j. Is g prime?
False
Suppose 27*b - 12595904 = -3575408 + 3300387. Is b prime?
True
Suppose x + 121248 = 9*x. Let c = x - 8243. Is c a composite number?
True
Let u be 2/10 - ((-36674)/55 - 2). Suppose 5*p = -2*m + 446, 0 = 3*m + 12*p - 8*p - u. Is m a composite number?
False
Suppose 0 = -5*y - 20, -17*l = -14*l - 4*y - 416998. Is l prime?
False
Let n(v) = -v**3 + v**2 + 2*v + 12. Let l be n(3). Is (1 + l/(-3 + 5))*611 composite?
True
Suppose 30*u - 33*u = -1677. Let k = u + -1152. Let x = k + 1080. Is x a prime number?
True
Let n(d) = -2*d + 34. Let g be n(17). Suppose g*t = -5*t + 25. Suppose 0 = 2*s - t*k - 2188, -3*s + k + 4394 = s. Is s composite?
True
Let y(t) = -t**3 + 7*t**2 + 4*t + 3. Let i(n) = -6*n**3 + n**2 - n - 1. Let s be i(-1). Let m be y(s). Let r = 254 - m. Is r a prime number?
True
Let k be (-2)/(-8) + 459/68. Suppose -30*b = -k*b - 473639. Is b a composite number?
False
Is (-33 + 25 - -7)*-480647 composite?
False
Let c = -3 + 8. Suppose 235 = 4*k - c*y + 4282, 0 = -5*y + 15. Let o = k - -1895. Is o prime?
True
Let z be (-12)/(-3 + (6 - 2) + 0). Let w be 280615/30 - 2/z. Is (w/(-12))/(2/(-4)) a composite number?
False
Let d(o) = -457*o**3 + 3*o**2 - 2*o - 5. Let y(p) = -12*p + 22. Suppose -3*u - 3*c - 6 - 3 = 0, -5*u = 2*c. Let j